when 43 is divided by y(-2).
13
Suppose -2*u = 483*q - 480*q - 141, -u = 2*q - 72. Calculate the remainder when u is divided by 50.
16
Let g(i) = -13*i + 89. What is the remainder when 713 is divided by g(-7)?
173
Suppose 10*h - 19 = 161. Suppose -2905*l = -2897*l - 520. Calculate the remainder when l is divided by h.
11
Suppose -2*g = -3*g + 293. Suppose k = -g + 317. Calculate the remainder when 92 is divided by k.
20
Let a = -8 + 13. Suppose -3*j + 2*u = 3*u - 38, -a*j = 5*u - 70. Suppose 2*o + o = j. What is the remainder when 13 is divided by o?
1
Suppose -34*h + 32*h = -2, -5*v - 5*h = -4285. What is the remainder when v is divided by 86?
82
What is the remainder when (-5 - -1)*(2/51 - (-3429936)/(-7344)) is divided by 11?
9
Let x(i) = 83*i**3 + 2*i**2 - i + 2. Let p be x(1). Suppose 24 = 5*d - p. Calculate the remainder when 151 is divided by d.
19
Let b be -1*44/16*-24. Suppose 7*x = 5*x + b. Suppose 3*a - 390 = -4*o, -11 = -4*a - 3. Calculate the remainder when o is divided by x.
30
What is the remainder when 53195 is divided by (-16)/(-88) + (-10434)/(-814)?
12
Let r(a) = 30*a**2 + 5*a + 2. Let h be r(-1). Calculate the remainder when 26 + (1 - (1 + -2)) is divided by (-290)/87*h/(-5).
10
Let o = 5811 - 3223. What is the remainder when o is divided by 1290?
8
Let b(a) = -a**2 + 12*a + 4. Let g be b(0). Suppose 2*n = -2*x + 102, -g*x + n - 2*n + 210 = 0. Calculate the remainder when x is divided by 30.
23
What is the remainder when 792 is divided by (-22310)/(-276) + (-10)/12?
72
Let v(x) = 26*x**2 - 94*x + 1. What is the remainder when 3*53 - -2 - -2 is divided by v(4)?
40
Suppose -4*w + 337 = -x - 8*x, -4*w + 352 = -4*x. Calculate the remainder when 794 is divided by w.
66
Suppose 0 = k - 72 - 48. Calculate the remainder when 370 is divided by k.
10
Let x(j) = -j**3 - 6*j**2 - 8*j + 3. Let f be x(-3). Suppose 2*t - 3*n + 62 - 419 = 0, f = -2*t - 5*n + 349. Calculate the remainder when t is divided by 53.
18
Let n(w) = -w**2 + 221*w - 1569. What is the remainder when n(8) is divided by 14?
9
Let y = 31 + -9. Suppose -85*g + 17921 - 51641 = -1209*g. Calculate the remainder when g is divided by y.
8
Let r be -3*10/105 - 11686/14. Let f = r + 903. What is the remainder when 270 is divided by f?
66
Suppose 1589 = -62*y + 5929. What is the remainder when 760 is divided by y?
60
Suppose 5*v = -31 + 276. Let u = -109 - -114. Calculate the remainder when v is divided by u.
4
Suppose 253028 = -50*f + 111*f. What is the remainder when f is divided by 99?
89
Calculate the remainder when 70 is divided by (28 + -36)/((-6)/9).
10
Let a = -719 - -721. Suppose -2*m = 0, l = -a*l - m + 273. Calculate the remainder when 168 is divided by l.
77
What is the remainder when 2303 is divided by (3 - (-17 - -18))*(258/4 + 3)?
8
Let j(k) = -4*k - 12. Suppose 2*o - 2*f + 6 = 0, -14 = -o + 4*o + 2*f. Let h be j(o). What is the remainder when 24 is divided by ((-28)/6 + h)/(2/(-36))?
0
Let v(u) = -6*u - 2. Let f be v(-4). Suppose f = -o - q - 16, 0 = -3*o + 3*q - 126. Let l = 106 + o. Calculate the remainder when l is divided by 14.
10
Let i = 484 + -480. Suppose i*t = -5*c + 173, 0 = -2*t + 4*c + 24 + 30. Calculate the remainder when t is divided by 20.
17
Let k = -9343 + 9673. Calculate the remainder when k is divided by 197.
133
Suppose -4*t + 485 = 4*j - 67, -j = 3*t - 136. Let p = j - 116. What is the remainder when 205 is divided by p?
21
Let r = -493 + 528. Let z(a) = -3*a + 0*a**2 + a**2 - a**2 - 8 + a**2. Calculate the remainder when r is divided by z(6).
5
Suppose 0 = 5*x - h + 55, 2*h = 2*x + 5*h + 5. Calculate the remainder when 30 is divided by 39/(-65) + (-176)/x.
13
Let t(z) = 3*z + 5. Let y = 4 + -13. Let w be t(y). Calculate the remainder when 53 is divided by 6/5*(-495)/w.
26
Suppose w - 2*v = 2*v + 54, -2*w = 2*v - 58. Suppose -5*d + b + 605 = 0, -462 = b - 457. What is the remainder when d is divided by w?
18
Suppose 5*z = -4*t + 1254, 187 = z - 3*t - 79. Suppose -3*a - 4*k + 373 = 0, -2*k - z = -2*a - 6*k. Calculate the remainder when a is divided by 4.
3
Suppose -1625 = 2497*y - 2522*y. Calculate the remainder when 844 is divided by y.
64
Suppose -1302 + 342 = -3*d. Let n = -99 + d. What is the remainder when n is divided by 16?
13
Let x = 128 - 122. What is the remainder when 77/(4/6 - (-2)/x) is divided by 17?
9
Let d = -161 - -213. Let m = d + 153. Calculate the remainder when m is divided by 10.
5
Let f be 24156/81 + (-3)/(54/4). Calculate the remainder when -5 - -3 - 2/(-4)*f is divided by 68.
11
Suppose 794 = 3*h + 2*y, 0 = -h + 2*y + 6*y + 204. Calculate the remainder when 1573 is divided by h.
13
Let u(f) = -f**3 + 17*f**2 + 21*f - 170. Let y(z) = 8*z**2 - 5*z + 10. What is the remainder when u(7) is divided by y(3)?
65
Let l = 86 - 83. Suppose 0 = -3*a + 123 - 21. Calculate the remainder when a is divided by l.
1
Let f = -501 + 501. Suppose 5*b = -5*w + 1055, f = -2*b - w + 137 + 280. What is the remainder when b is divided by 69?
68
Let d = -483 - -1744. Calculate the remainder when d is divided by 181.
175
What is the remainder when 268 is divided by 49530/510 + (-10)/85?
74
Suppose t - 279*z + 274*z = 863, 3*z = -2*t + 1726. What is the remainder when t is divided by 17?
13
Suppose -4*n + 5*a + 35 = 0, -38*n + 42*n + 3*a - 11 = 0. Calculate the remainder when ((-52)/16)/((-3)/48) is divided by n.
2
Suppose 3*w + 2*u = -0*w + 11660, -u = 2*w - 7772. Calculate the remainder when w is divided by 111.
110
Suppose 40*l = 450 + 1830. What is the remainder when 3360 is divided by l?
54
Let j = -12807 - -12871. What is the remainder when j is divided by 19?
7
Suppose -4*y = -3*v + 32 - 107, 2*v = 3*y - 55. Let g = -192 + 301. Let d = g - 54. What is the remainder when d is divided by y?
10
Suppose -4*x = 4*f + 388, -3*f = 7*x - 5*x + 294. Let o = f - -252. What is the remainder when o is divided by 17?
16
Suppose 408*w + 6817 = 425*w. Calculate the remainder when w is divided by 28.
9
Calculate the remainder when 3/(-5)*1*(-28 + -5747)/21 is divided by 43.
36
Suppose 4*s + 5*t - 113 = 0, -2*t - 84 = -3*s - 6*t. Suppose -s*p + 3024 = -4*p. Calculate the remainder when p is divided by 28.
24
Suppose -772 = -4*u + 4*t, 128 = 2*u + 5*t - 293. Suppose 189*w - u*w + 270 = 0. Calculate the remainder when 147 is divided by w.
27
Let u(s) = 9*s + 37. Let y be u(8). Let k = 16 + y. Suppose -44 = -2*l + 5*d, 0 = 4*l - 5*d - 159 + 51. What is the remainder when k is divided by l?
29
Let x = -14991 + 15066. Calculate the remainder when 296 is divided by x.
71
Let g = 160 - 103. What is the remainder when g is divided by 13 + 1 + (-2 + 4 - (-57 + 58))?
12
Let m be (-54)/(-12)*(1 - -7). Let d = -14 + 16. Suppose d*y - m = 26. What is the remainder when 214 is divided by y?
28
Let m(z) = 102*z - 1421. Calculate the remainder when 190 is divided by m(14).
1
Suppose 35624 + 40073 = 267*w + 5476. What is the remainder when w is divided by 180?
83
Let z(x) = -21*x**2 + 12*x + 64. Let u be z(-4). Let q = -247 - u. Calculate the remainder when q is divided by 27.
19
Let s = -377 + 382. Suppose -25 = -s*b, 0 = p + 4*b - 7*b - 268. What is the remainder when p is divided by 26?
23
Let y be 1/1 - (17 + -17). Suppose q + 11 = 4*r - 38, q = -y. Calculate the remainder when 93 is divided by r.
9
Let y be 80/(-48) + (-1)/3. Let k(w) = w**2 + 3*w + 1. Let s be k(y). Let m = 14 - s. What is the remainder when 44 is divided by m?
14
Suppose -4*x = -2*r - 2*r - 232, 2*x - 4*r = 108. What is the remainder when 898/5 - 396/660 is divided by x?
55
Let l be (-1)/(-2) - 0 - (-12)/8. Let b be (68 + l)*(-4 - -7). Suppose p = -3*n + 58, 2*p - b = -2*p - n. Calculate the remainder when p is divided by 27.
25
Let v = -1235 - -1386. Calculate the remainder when v is divided by 20.
11
Let g = 72 - -151. Let y = -199 + g. What is the remainder when y is divided by 6?
0
Let l(t) = t**3 + 5*t**2 - 5*t - 9. Let s = -45 + 42. Calculate the remainder when (-238)/s - 8/6 is divided by l(-5).
14
Let a = 216 - 190. What is the remainder when 227 - 18/(-9) - -1 is divided by a?
22
Let o(l) = 50*l - 725. What is the remainder when o(35) is divided by 114?
113
Let h(n) = 16*n**2 - n + 19. Let t(u) = u**2 - 16*u - 136. Let s be t(22). What is the remainder when h(s) is divided by 7?
6
Let